 is the remainder when 82822 is divided by 203?
201
Calculate the remainder when 357617 is divided by 204.
5
What is the remainder when 173018 is divided by 832?
794
Calculate the remainder when 27536 is divided by 137.
136
What is the remainder when 4825278 is divided by 64?
62
Calculate the remainder when 208444 is divided by 54.
4
Calculate the remainder when 378 is divided by 151.
76
Calculate the remainder when 44457 is divided by 34.
19
What is the remainder when 698007 is divided by 32?
23
Calculate the remainder when 870795 is divided by 112.
107
What is the remainder when 1605 is divided by 101?
90
Calculate the remainder when 2107 is divided by 286.
105
What is the remainder when 144388 is divided by 5?
3
Calculate the remainder when 922639 is divided by 25.
14
What is the remainder when 194221 is divided by 38842?
11
Calculate the remainder when 57821 is divided by 121.
104
What is the remainder when 71573 is divided by 124?
25
What is the remainder when 724800 is divided by 55752?
24
What is the remainder when 49154 is divided by 47?
39
Calculate the remainder when 219707 is divided by 68.
67
Calculate the remainder when 131177 is divided by 599.
595
What is the remainder when 105268 is divided by 17541?
22
What is the remainder when 32793 is divided by 566?
531
What is the remainder when 792 is divided by 121?
66
Calculate the remainder when 100691 is divided by 434.
3
Calculate the remainder when 204818 is divided by 52.
42
Calculate the remainder when 46559 is divided by 9305.
34
Calculate the remainder when 169396 is divided by 84682.
32
What is the remainder when 1326 is divided by 170?
136
What is the remainder when 16260 is divided by 679?
643
What is the remainder when 1197 is divided by 864?
333
What is the remainder when 53367 is divided by 116?
7
What is the remainder when 3365 is divided by 289?
186
Calculate the remainder when 8031 is divided by 2670.
21
What is the remainder when 4253699 is divided by 364?
359
What is the remainder when 556231 is divided by 50?
31
What is the remainder when 185622 is divided by 92806?
10
Calculate the remainder when 15911 is divided by 1767.
8
What is the remainder when 37856 is divided by 37849?
7
Calculate the remainder when 7690 is divided by 3770.
150
Calculate the remainder when 7074 is divided by 434.
130
Calculate the remainder when 3003 is divided by 2.
1
Calculate the remainder when 56664 is divided by 5150.
14
What is the remainder when 4402 is divided by 1087?
54
Calculate the remainder when 18459 is divided by 728.
259
What is the remainder when 18407 is divided by 116?
79
What is the remainder when 59719 is divided by 10?
9
Calculate the remainder when 279266 is divided by 4231.
20
What is the remainder when 100945 is divided by 33616?
97
Calculate the remainder when 645902 is divided by 95.
92
What is the remainder when 23271 is divided by 401?
13
Calculate the remainder when 1037 is divided by 1034.
3
What is the remainder when 5255 is divided by 4041?
1214
What is the remainder when 6572 is divided by 2182?
26
Calculate the remainder when 23686 is divided by 4659.
391
What is the remainder when 118372 is divided by 23?
14
What is the remainder when 89963 is divided by 5?
3
Calculate the remainder when 14542 is divided by 3624.
46
Calculate the remainder when 47411 is divided by 259.
14
Calculate the remainder when 13837 is divided by 42.
19
What is the remainder when 7488 is divided by 40?
8
Calculate the remainder when 2435 is divided by 1201.
33
Calculate the remainder when 4704 is divided by 309.
69
Calculate the remainder when 1478 is divided by 654.
170
What is the remainder when 5270680 is divided by 11?
8
Calculate the remainder when 668 is divided by 57.
41
What is the remainder when 3907 is divided by 1235?
202
What is the remainder when 2526686 is divided by 46?
44
What is the remainder when 23757 is divided by 66?
63
What is the remainder when 212158 is divided by 1040?
1038
What is the remainder when 1353 is divided by 212?
81
Calculate the remainder when 1804 is divided by 1767.
37
What is the remainder when 5757 is divided by 985?
832
Calculate the remainder when 52115 is divided by 132.
107
What is the remainder when 7809 is divided by 778?
29
Calculate the remainder when 16159 is divided by 65.
39
Calculate the remainder when 289251 is divided by 17.
13
What is the remainder when 431416 is divided by 576?
568
Calculate the remainder when 146958 is divided by 18369.
6
What is the remainder when 1526 is divided by 626?
274
What is the remainder when 28304 is divided by 111?
110
Calculate the remainder when 70486 is divided by 23491.
13
What is the remainder when 176894 is divided by 33?
14
Calculate the remainder when 39775 is divided by 36.
31
What is the remainder when 41819 is divided by 205?
204
What is the remainder when 2466 is divided by 189?
9
What is the remainder when 552517 is divided by 3659?
8
What is the remainder when 42190 is divided by 105?
85
Calculate the remainder when 3666 is divided by 153.
147
Calculate the remainder when 6243 is divided by 6236.
7
Calculate the remainder when 42785 is divided by 215.
0
Calculate the remainder when 1678 is divided by 144.
94
Calculate the remainder when 273180 is divided by 7587.
48
Calculate the remainder when 593113 is divided by 64.
25
Calculate the remainder when 209143 is divided by 5501.
105
What is the remainder when 43590 is divided by 27?
12
Calculate the remainder when 1392895 is divided by 256.
255
Calculate the remainder when 7625 is divided by 166.
155
What is the remainder when 82901 is divided by 27625?
26
What is the remainder when 422 is divided by 68?
14
What is the remainder when 13911 is divided by 4624?
39
What is the remainder when 14102 is divided by 214?
192
What is the remainder when 23723 is divided by 3319?
490
Calculate the remainder when 6233 is divided by 11.
7
Calculate the remainder when 1724 is divided by 278.
56
What is the remainder when 60699 is divided by 67?
64
What is the remainder when 43669 is divided by 119?
115
Calculate the remainder when 103945 is divided by 525.
520
Calculate the remainder when 10636 is divided by 304.
300
What is the remainder when 15058 is divided by 32?
18
Calculate the remainder when 119380 is divided by 39782.
34
Calculate the remainder when 83664 is divided by 22.
20
Calculate the remainder when 81528 is divided by 17.
13
What is the remainder when 114360 is divided by 67?
58
Calculate the remainder when 8002 is divided by 619.
574
Calculate the remainder when 19418 is divided by 414.
374
What is the remainder when 227980 is divided by 227980?
0
Calculate the remainder when 14989 is divided by 1022.
681
Calculate the remainder when 25451 is divided by 1106.
13
What is the remainder when 1046 is divided by 47?
12
Calculate the remainder when 16308 is divided by 82.
72
What is the remainder when 521551 is divided by 65?
56
What is the remainder when 2782 is divided by 357?
283
What is the remainder when 40550 is divided by 39?
29
Calculate the remainder when 16641 is divided by 5472.
225
Calculate the remainder when 378 is divided by 163.
52
Calculate the remainder when 2249 is divided by 1182.
1067
What is the remainder when 4098 is divided by 339?
30
Calculate the remainder when 19941 is divided by 9873.
195
Calculate the remainder when 793 is divided by 322.
149
What is the remainder when 127942 is divided by 31982?
14
What is the remainder when 2298865 is divided by 623?
618
What is the remainder when 111399 is divided by 25?
24
Calculate the remainder when 14211 is divided by 90.
81
What is the remainder when 2382823 is divided by 57?
52
What is the remainder when 18017 is divided by 63?
62
Calculate the remainder when 7589 is divided by 1879.
73
Calculate the remainder when 316634 is divided by 62.
0
What is the remainder when 2376328 is divided by 418?
416
What is the remainder when 10395 is divided by 334?
41
What is the remainder when 95700 is divided by 2658?
12
What is the remainder when 40352 is divided by 82?
8
What is the remainder when 970964 is divided by 23?
19
Calculate the remainder when 35572 is divided by 87.
76
What is the remainder when 82077 is divided by 76?
73
Calculate the remainder when 823 is divided